{"id":409,"date":"2025-02-05T16:09:14","date_gmt":"2025-02-05T16:09:14","guid":{"rendered":"https:\/\/www.futuresurance.de\/?page_id=409"},"modified":"2025-02-05T16:14:39","modified_gmt":"2025-02-05T16:14:39","slug":"futurebook","status":"publish","type":"page","link":"https:\/\/www.futuresurance.de\/?page_id=409","title":{"rendered":"FutureBook"},"content":{"rendered":"\n<figure class=\"wp-block-image size-full\"><img loading=\"lazy\" decoding=\"async\" width=\"481\" height=\"639\" src=\"https:\/\/www.futuresurance.de\/wp-content\/uploads\/2025\/02\/image-2.png\" alt=\"\" class=\"wp-image-416\" srcset=\"https:\/\/www.futuresurance.de\/wp-content\/uploads\/2025\/02\/image-2.png 481w, https:\/\/www.futuresurance.de\/wp-content\/uploads\/2025\/02\/image-2-226x300.png 226w\" sizes=\"auto, (max-width: 481px) 100vw, 481px\" \/><\/figure>\n\n\n\n<hr class=\"wp-block-separator\"\/>\n\n\n\n<p><strong>Vorwort<\/strong><\/p>\n\n\n\n<p>Die Versicherungsbranche befindet sich in einem epochalen Umbruch, wie ihn wohl nur wenige Branchen in den letzten Jahrzehnten erlebt haben. Digitalisierung, Automatisierung und die Integration k\u00fcnstlicher Intelligenz (KI) haben nicht nur die Art und Weise ver\u00e4ndert, wie Versicherer ihre Kunden bedienen, sondern auch, wie sie ihre internen Prozesse organisieren. Gleichzeitig steigt der Druck durch Regulatorik und gesellschaftliche Erwartungen an mehr Nachhaltigkeit, soziale Verantwortung und \u00f6kologische Bewusstheit.<\/p>\n\n\n\n<p>Was bedeutet das konkret f\u00fcr Versicherer? Es bedeutet, dass sich die Branche sowohl technologisch als auch kulturell grundlegend neu ausrichten muss. Kundenzentrierung ist nicht mehr nur ein Ziel, sondern eine Voraussetzung, um in einer Welt bestehen zu k\u00f6nnen, in der Wettbewerb, Transparenz und Geschwindigkeit stetig zunehmen. Gleichzeitig erfordert die Entwicklung nachhaltiger Gesch\u00e4ftsmodelle, dass Unternehmen \u00fcber ihre wirtschaftlichen Interessen hinaus Verantwortung f\u00fcr die Gesellschaft und den Planeten \u00fcbernehmen.<\/p>\n\n\n\n<p>Dieses Buch soll Ihnen als Versicherer, F\u00fchrungskraft oder Entscheider einen Leitfaden bieten. Es geht nicht nur um digitale Technologien und deren Einsatzm\u00f6glichkeiten, sondern auch darum, wie Sie Ihre Organisation ganzheitlich transformieren k\u00f6nnen. Sie werden erfahren, wie KI und Automatisierung Sie dabei unterst\u00fctzen, Prozesse zu optimieren, und wie Sie die Erwartungen der Kunden durch agile und innovative Ans\u00e4tze \u00fcbertreffen k\u00f6nnen. Dar\u00fcber hinaus beleuchten wir die Bedeutung von Nachhaltigkeit und deren Integration in moderne Gesch\u00e4ftsstrategien.<\/p>\n\n\n\n<p>Die kommenden Jahre werden entscheidend sein. Unternehmen, die den Wandel aktiv gestalten, k\u00f6nnen sich als Innovationsf\u00fchrer positionieren und Wettbewerbsvorteile erzielen. Doch dies erfordert Mut, Klarheit und eine konsequente Ausrichtung auf die Bed\u00fcrfnisse der Zukunft. Lassen Sie uns diese Reise gemeinsam beginnen.<\/p>\n\n\n\n<p><strong>Marco Englert<\/strong><\/p>\n\n\n\n<p><\/p>\n\n\n\n<hr class=\"wp-block-separator\"\/>\n\n\n\n<h3 class=\"wp-block-heading\">Die Inhalte<\/h3>\n\n\n\n<h4 class=\"wp-block-heading\"><strong>Kapitel 1: Twin Transformation gestalten<\/strong><\/h4>\n\n\n\n<h4 class=\"wp-block-heading\"><strong>Kapitel 2: K\u00fcnstliche Intelligenz skalieren<\/strong><\/h4>\n\n\n\n<h4 class=\"wp-block-heading\"><strong>Kapitel 3: Daten nutzen und Wert schaffen<\/strong><\/h4>\n\n\n\n<h4 class=\"wp-block-heading\"><strong>Kapitel 4: Customer Experience Management (CXM)<\/strong><\/h4>\n\n\n\n<h4 class=\"wp-block-heading\"><strong>Kapitel 5: Robotic Process Automation (RPA) und intelligente Automatisierung<\/strong><\/h4>\n\n\n\n<h4 class=\"wp-block-heading\"><strong>Kapitel 6: Moderne Architekturen f\u00fcr Versicherer<\/strong><\/h4>\n\n\n\n<h4 class=\"wp-block-heading\"><strong>Kapitel 7: Change Management und Organisation<\/strong><\/h4>\n\n\n\n<h4 class=\"wp-block-heading\"><strong>Kapitel 8: New Work und Future of Work<\/strong><\/h4>\n\n\n\n<h4 class=\"wp-block-heading\"><strong>Kapitel 9: Agile Transformation und ambidextre Organisation<\/strong><\/h4>\n\n\n\n<h4 class=\"wp-block-heading\"><strong>Kapitel 10: \u00d6kosysteme, Embedded Insurance und Plattformstrategien<\/strong><\/h4>\n\n\n\n<h4 class=\"wp-block-heading\"><strong>Kapitel 11: Best Practices und Fallstudien<\/strong><\/h4>\n\n\n\n<h4 class=\"wp-block-heading\"><strong>Kapitel 12: Zukunftsausblick<\/strong><\/h4>\n\n\n\n<h4 class=\"wp-block-heading\"><strong>Kapitel 13: Zusammenfassung und Handlungsempfehlungen<\/strong><\/h4>\n\n\n\n<h4 class=\"wp-block-heading\"><strong>Schlusswort: Eine Zeit voller Chancen<\/strong><\/h4>\n\n\n\n<hr class=\"wp-block-separator\"\/>\n","protected":false},"excerpt":{"rendered":"<p>Vorwort Die Versicherungsbranche befindet sich in einem epochalen Umbruch, wie ihn wohl nur wenige Branchen in den letzten Jahrzehnten erlebt haben. Digitalisierung, Automatisierung und die&#8230; <a href=\"https:\/\/www.futuresurance.de\/?page_id=409\" class=\"bwp-excerpt-more-link\">Read more<\/a><\/p>\n","protected":false},"author":1,"featured_media":0,"parent":0,"menu_order":0,"comment_status":"closed","ping_status":"closed","template":"","meta":{"footnotes":""},"class_list":["post-409","page","type-page","status-publish","hentry","bwp-masonry-item","bwp-col-3"],"_links":{"self":[{"href":"https:\/\/www.futuresurance.de\/index.php?rest_route=\/wp\/v2\/pages\/409","targetHints":{"allow":["GET"]}}],"collection":[{"href":"https:\/\/www.futuresurance.de\/index.php?rest_route=\/wp\/v2\/pages"}],"about":[{"href":"https:\/\/www.futuresurance.de\/index.php?rest_route=\/wp\/v2\/types\/page"}],"author":[{"embeddable":true,"href":"https:\/\/www.futuresurance.de\/index.php?rest_route=\/wp\/v2\/users\/1"}],"replies":[{"embeddable":true,"href":"https:\/\/www.futuresurance.de\/index.php?rest_route=%2Fwp%2Fv2%2Fcomments&post=409"}],"version-history":[{"count":4,"href":"https:\/\/www.futuresurance.de\/index.php?rest_route=\/wp\/v2\/pages\/409\/revisions"}],"predecessor-version":[{"id":419,"href":"https:\/\/www.futuresurance.de\/index.php?rest_route=\/wp\/v2\/pages\/409\/revisions\/419"}],"wp:attachment":[{"href":"https:\/\/www.futuresurance.de\/index.php?rest_route=%2Fwp%2Fv2%2Fmedia&parent=409"}],"curies":[{"name":"wp","href":"https:\/\/api.w.org\/{rel}","templated":true}]}}